{"id":79,"date":"2015-03-21T23:02:40","date_gmt":"2015-03-21T23:02:40","guid":{"rendered":"http:\/\/www.friendsofvictoire.org\/fr\/?page_id=79"},"modified":"2015-03-22T15:52:37","modified_gmt":"2015-03-22T15:52:37","slug":"icone-de-la-lutte-pour-la-liberte-et-la-democratie","status":"publish","type":"page","link":"https:\/\/www.friendsofvictoire.org\/fr\/icone-de-la-lutte-pour-la-liberte-et-la-democratie\/","title":{"rendered":"Ic\u00f4ne de la lutte pour la libert\u00e9 et la d\u00e9mocratie"},"content":{"rendered":"<p style=\"text-align: justify;\"><img loading=\"lazy\" decoding=\"async\" class=\"alignleft size-full wp-image-60\" src=\"http:\/\/www.friendsofvictoire.org\/fr\/wp-content\/uploads\/2015\/03\/Jeune-leader-communautaire.jpg\" alt=\"Jeune leader communautaire\" width=\"340\" height=\"226\" srcset=\"https:\/\/www.friendsofvictoire.org\/fr\/wp-content\/uploads\/2015\/03\/Jeune-leader-communautaire.jpg 340w, https:\/\/www.friendsofvictoire.org\/fr\/wp-content\/uploads\/2015\/03\/Jeune-leader-communautaire-300x199.jpg 300w, https:\/\/www.friendsofvictoire.org\/fr\/wp-content\/uploads\/2015\/03\/Jeune-leader-communautaire-226x150.jpg 226w, https:\/\/www.friendsofvictoire.org\/fr\/wp-content\/uploads\/2015\/03\/Jeune-leader-communautaire-150x100.jpg 150w\" sizes=\"auto, (max-width: 340px) 100vw, 340px\" \/>Victoire Ingabire Umuhoza a\u00a0\u00e9t\u00e9 contrainte de s&rsquo;exiler aux Pays-Bas \u00e0 la suite du g\u00e9nocide rwandais. Rapidement, elle s&rsquo;engage dans la vie associative. Mme Ingabire devient membre fondateur de l&rsquo;organisation non gouvernementale \u00ab\u00a0Contact, Dialogue et Actions Caritatives\u00a0\u00bb, au sein de laquelle elle est codirectrice jusqu&rsquo;en 2000. Puis, elle est pr\u00e9sidente de l&rsquo;association ZWALU, plate-forme qui rassemble toutes les femmes expatri\u00e9es des Pays-Bas.<\/p>\n<p style=\"text-align: justify;\">Mme Ingabire rentre au Rwanda le 16 janvier 2010 afin de se pr\u00e9senter aux \u00e9lections pr\u00e9sidentielles pr\u00e9vues en aout. D\u00e8s son arriv\u00e9e au Rwanda, elle s\u2019est pr\u00e9sent\u00e9e devant le M\u00e9morial de Kigali o\u00f9 elle a prononc\u00e9 une allocution demandant la reconnaissance de la souffrance et le droit \u00e0 la m\u00e9moire de toutes les victimes des crimes de g\u00e9nocide et contre l&rsquo;humanit\u00e9, sans distinction ethnique ni de nationalit\u00e9. Ceci n\u2019a pas plu au r\u00e9gime de Kigali qui a enclench\u00e9, contre elle, une spirale d\u2019accusations non fond\u00e9es.<\/p>\n<p style=\"text-align: justify;\">Non seulement elle se voit interdire de participer \u00e0 ces \u00e9lections, mais elle est \u00e9galement plac\u00e9e en d\u00e9tention en octobre 2010, accus\u00e9e d\u2019avoir port\u00e9 atteinte \u00e0 la s\u00e9curit\u00e9 du pays et d\u2019avoir embrass\u00e9 l\u2019id\u00e9ologie du g\u00e9nocide, crime que le Comit\u00e9 des droits de l\u2019homme de l\u2019Organisation des Nations unies ainsi que la majorit\u00e9 des organisations de d\u00e9fense des droits de l\u2019homme consid\u00e8rent comme une atteinte \u00e0 la libert\u00e9.<\/p>\n<p style=\"text-align: justify;\">Avant son arrestation, \u00e0 la suite de l\u2019annonce par Mme Ingabire de son intention de se pr\u00e9senter aux \u00e9lections pr\u00e9sidentielles, les forces de s\u00e9curit\u00e9 du r\u00e9gime avaient fait subir \u00e0 Mme Ingabire des humiliations bien plus graves encore.<\/p>\n<p style=\"text-align: justify;\">Symbole de la lutte non violente, Victoire Ingabire est donc emprisonn\u00e9e depuis le 14 octobre 2010 pour avoir os\u00e9 exprimer des opinions diff\u00e9rentes de celles du pouvoir en place \u00e0 Kigali. Apr\u00e8s un simulacre de proc\u00e8s \u00e9maill\u00e9 de multiples irr\u00e9gularit\u00e9s et sans garanties juridiques, Madame Victoire Ingabire Umuhoza a \u00e9t\u00e9 injustement condamn\u00e9e le 13 d\u00e9cembre 2013 \u00e0 15 ans de prison ferme. Elle est actuellement d\u00e9tenue dans la tristement c\u00e9l\u00e8bre prison centrale de Kigali.<\/p>\n<p style=\"text-align: justify;\">Mme Ingabire est une figure embl\u00e9matique de la lutte pacifique pour la d\u00e9fense des droits fondamentaux du citoyen. Au plus profond d\u2019elle-m\u00eame, elle est convaincue que seule la r\u00e9conciliation de la nation rwandaise pourra mettre fin \u00e0 la culture politique d\u2019exclusion et de violence qui caract\u00e9rise l\u2019histoire du Rwanda depuis de trop nombreuses ann\u00e9es.<\/p>\n<p style=\"text-align: justify;\">En s\u2019engageant de toutes ses forces pour la stabilit\u00e9 au Rwanda, Mme Ingabire contribue \u00e0 la r\u00e9alisation de ce m\u00eame objectif dans l\u2019ensemble de la r\u00e9gion des Grands Lacs.<\/p>\n","protected":false},"excerpt":{"rendered":"<p>Victoire Ingabire Umuhoza a\u00a0\u00e9t\u00e9 contrainte de s&rsquo;exiler aux Pays-Bas \u00e0 la suite du g\u00e9nocide rwandais. Rapidement, elle s&rsquo;engage dans la vie associative. Mme Ingabire devient membre fondateur de l&rsquo;organisation non gouvernementale \u00ab\u00a0Contact, Dialogue et Actions Caritatives\u00a0\u00bb, au sein de laquelle elle est codirectrice jusqu&rsquo;en 2000. Puis, elle est pr\u00e9sidente de \u2026<\/p>\n<p> <a class=\"continue-reading-link\" href=\"https:\/\/www.friendsofvictoire.org\/fr\/icone-de-la-lutte-pour-la-liberte-et-la-democratie\/\">Continuer \u00e0 lire<i class=\"icon-right-dir\"><\/i><\/a><\/p>\n","protected":false},"author":1,"featured_media":81,"parent":0,"menu_order":0,"comment_status":"closed","ping_status":"closed","template":"","meta":{"footnotes":""},"class_list":["post-79","page","type-page","status-publish","has-post-thumbnail","hentry"],"_links":{"self":[{"href":"https:\/\/www.friendsofvictoire.org\/fr\/wp-json\/wp\/v2\/pages\/79","targetHints":{"allow":["GET"]}}],"collection":[{"href":"https:\/\/www.friendsofvictoire.org\/fr\/wp-json\/wp\/v2\/pages"}],"about":[{"href":"https:\/\/www.friendsofvictoire.org\/fr\/wp-json\/wp\/v2\/types\/page"}],"author":[{"embeddable":true,"href":"https:\/\/www.friendsofvictoire.org\/fr\/wp-json\/wp\/v2\/users\/1"}],"replies":[{"embeddable":true,"href":"https:\/\/www.friendsofvictoire.org\/fr\/wp-json\/wp\/v2\/comments?post=79"}],"version-history":[{"count":5,"href":"https:\/\/www.friendsofvictoire.org\/fr\/wp-json\/wp\/v2\/pages\/79\/revisions"}],"predecessor-version":[{"id":85,"href":"https:\/\/www.friendsofvictoire.org\/fr\/wp-json\/wp\/v2\/pages\/79\/revisions\/85"}],"wp:featuredmedia":[{"embeddable":true,"href":"https:\/\/www.friendsofvictoire.org\/fr\/wp-json\/wp\/v2\/media\/81"}],"wp:attachment":[{"href":"https:\/\/www.friendsofvictoire.org\/fr\/wp-json\/wp\/v2\/media?parent=79"}],"curies":[{"name":"wp","href":"https:\/\/api.w.org\/{rel}","templated":true}]}}

Icône de la lutte pour la liberté et la démocratie

<p style="text-align: justify;"><img loading="lazy" decoding="async" class="alignleft size-full wp-image-60" src="http://www.friendsofvictoire.org/fr/wp-content/uploads/2015/03/Jeune-leader-communautaire.jpg" alt="Jeune leader communautaire" width="340" height="226" srcset="https://www.friendsofvictoire.org/fr/wp-content/uploads/2015/03/Jeune-leader-communautaire.jpg 340w, https://www.friendsofvictoire.org/fr/wp-content/uploads/2015/03/Jeune-leader-communautaire-300x199.jpg 300w, https://www.friendsofvictoire.org/fr/wp-content/uploads/2015/03/Jeune-leader-communautaire-226x150.jpg 226w, https://www.friendsofvictoire.org/fr/wp-content/uploads/2015/03/Jeune-leader-communautaire-150x100.jpg 150w" sizes="auto, (max-width: 340px) 100vw, 340px" />Victoire Ingabire Umuhoza a été contrainte de s&rsquo;exiler aux Pays-Bas à la suite du génocide rwandais. Rapidement, elle s&rsquo;engage dans la vie associative. Mme Ingabire devient membre fondateur de l&rsquo;organisation non gouvernementale « Contact, Dialogue et Actions Caritatives », au sein de laquelle elle est codirectrice jusqu&rsquo;en 2000. Puis, elle est présidente de l&rsquo;association ZWALU, plate-forme qui rassemble toutes les femmes expatriées des Pays-Bas.</p>
<p style="text-align: justify;">Mme Ingabire rentre au Rwanda le 16 janvier 2010 afin de se présenter aux élections présidentielles prévues en aout. Dès son arrivée au Rwanda, elle s’est présentée devant le Mémorial de Kigali où elle a prononcé une allocution demandant la reconnaissance de la souffrance et le droit à la mémoire de toutes les victimes des crimes de génocide et contre l&rsquo;humanité, sans distinction ethnique ni de nationalité. Ceci n’a pas plu au régime de Kigali qui a enclenché, contre elle, une spirale d’accusations non fondées.</p>
<p style="text-align: justify;">Non seulement elle se voit interdire de participer à ces élections, mais elle est également placée en détention en octobre 2010, accusée d’avoir porté atteinte à la sécurité du pays et d’avoir embrassé l’idéologie du génocide, crime que le Comité des droits de l’homme de l’Organisation des Nations unies ainsi que la majorité des organisations de défense des droits de l’homme considèrent comme une atteinte à la liberté.</p>
<p style="text-align: justify;">Avant son arrestation, à la suite de l’annonce par Mme Ingabire de son intention de se présenter aux élections présidentielles, les forces de sécurité du régime avaient fait subir à Mme Ingabire des humiliations bien plus graves encore.</p>
<p style="text-align: justify;">Symbole de la lutte non violente, Victoire Ingabire est donc emprisonnée depuis le 14 octobre 2010 pour avoir osé exprimer des opinions différentes de celles du pouvoir en place à Kigali. Après un simulacre de procès émaillé de multiples irrégularités et sans garanties juridiques, Madame Victoire Ingabire Umuhoza a été injustement condamnée le 13 décembre 2013 à 15 ans de prison ferme. Elle est actuellement détenue dans la tristement célèbre prison centrale de Kigali.</p>
<p style="text-align: justify;">Mme Ingabire est une figure emblématique de la lutte pacifique pour la défense des droits fondamentaux du citoyen. Au plus profond d’elle-même, elle est convaincue que seule la réconciliation de la nation rwandaise pourra mettre fin à la culture politique d’exclusion et de violence qui caractérise l’histoire du Rwanda depuis de trop nombreuses années.</p>
<p style="text-align: justify;">En s’engageant de toutes ses forces pour la stabilité au Rwanda, Mme Ingabire contribue à la réalisation de ce même objectif dans l’ensemble de la région des Grands Lacs.</p>

<p>Victoire Ingabire Umuhoza a été contrainte de s&rsquo;exiler aux Pays-Bas à la suite du génocide rwandais. Rapidement, elle s&rsquo;engage dans la vie associative. Mme Ingabire devient membre fondateur de l&rsquo;organisation non gouvernementale « Contact, Dialogue et Actions Caritatives », au sein de laquelle elle est codirectrice jusqu&rsquo;en 2000. Puis, elle est présidente de …</p>
<p> <a class="continue-reading-link" href="https://www.friendsofvictoire.org/fr/icone-de-la-lutte-pour-la-liberte-et-la-democratie/">Continuer à lire<i class="icon-right-dir"></i></a></p>
